{"id":392,"date":"2023-01-05T17:11:32","date_gmt":"2023-01-05T17:11:32","guid":{"rendered":"https:\/\/prueba.mobs.com.co\/?post_type=product&#038;p=392"},"modified":"2023-01-05T17:14:38","modified_gmt":"2023-01-05T17:14:38","slug":"kit-antiacne-avanzado","status":"publish","type":"product","link":"https:\/\/prueba.mobs.com.co\/index.php\/producto\/kit-antiacne-avanzado\/","title":{"rendered":"Kit Antiacn\u00e9 Avanzado"},"content":{"rendered":"<p><span style=\"font-weight: 400;\">Aqu\u00ed tendr\u00e1s:\u00a0<\/span><\/p>\n<p>&nbsp;<\/p>\n<p><span style=\"font-weight: 400;\">2 Agua Superelectrizadas Nanopiel\u00a0\u00a0<\/span><\/p>\n<p>&nbsp;<\/p>\n<p><span style=\"font-weight: 400;\">1 jab\u00f3n Facial Nanopiel\u00a0<\/span><\/p>\n<p>&nbsp;<\/p>\n<p><span style=\"font-weight: 400;\">1 Dermaroller como obsequio\u00a0<\/span><\/p>\n<p>&nbsp;<\/p>\n<p><span style=\"font-weight: 400;\">Por solo $219.900,\u00a0<\/span><\/p>\n<p>&nbsp;<\/p>\n<p><span style=\"font-weight: 400;\">Adem\u00e1s, te daremos como bono<\/span><\/p>\n<p>&nbsp;<\/p>\n<p><span style=\"font-weight: 400;\">El Ebook con la gu\u00eda definitiva para personas con acn\u00e9 donde vas a saber\u00a0<\/span><\/p>\n<p>&nbsp;<\/p>\n<p><span style=\"font-weight: 400;\">La causa real del acn\u00e9\u00a0<\/span><\/p>\n<p><span style=\"font-weight: 400;\">Los tipos de acn\u00e9<\/span><\/p>\n<p><span style=\"font-weight: 400;\">Mitos del acn\u00e9<\/span><\/p>\n<p><span style=\"font-weight: 400;\">Como determinar tu tipo de piel<\/span><\/p>\n<p><span style=\"font-weight: 400;\">Consejos para prevenir el acn\u00e9<\/span><\/p>\n<p><span style=\"font-weight: 400;\">Remedios naturales para el acn\u00e9<\/span><\/p>\n<p>&nbsp;<\/p>\n<p><span style=\"font-weight: 400;\">Y asimismo, vas a tener un acompa\u00f1amiento 1 a 1 v\u00eda Whatsapp 24\/7, para resolver cualquier duda o pregunta.<\/span><\/p>\n<p>&nbsp;<\/p>\n<p><span style=\"font-weight: 400;\">Gu\u00eda completa de alimentaci\u00f3n<\/span><\/p>\n<p>&nbsp;<\/p>\n<p><span style=\"font-weight: 400;\">Calendario de Aplicaci\u00f3n<\/span><\/p>\n<p>&nbsp;<\/p>\n<p><span style=\"font-weight: 400;\">La manera de tratar las cicatrices que deja el acn\u00e9\u00a0<\/span><\/p>\n","protected":false},"excerpt":{"rendered":"<p>Aqu\u00ed tendr\u00e1s:\u00a0 &nbsp; 2 Agua Superelectrizadas Nanopiel\u00a0\u00a0 &nbsp; 1 jab\u00f3n Facial Nanopiel\u00a0 &nbsp; 1 Dermaroller como obsequio\u00a0 &nbsp; Por solo $219.900,\u00a0 &nbsp; Adem\u00e1s, te daremos como bono &nbsp; El Ebook con la gu\u00eda definitiva para personas con acn\u00e9 donde vas a saber\u00a0 &nbsp; La causa real del acn\u00e9\u00a0 Los tipos de acn\u00e9 Mitos del acn\u00e9 [&hellip;]<\/p>\n","protected":false},"featured_media":167,"comment_status":"open","ping_status":"closed","template":"","meta":[],"product_brand":[],"product_cat":[21],"product_tag":[],"class_list":{"0":"post-392","1":"product","2":"type-product","3":"status-publish","4":"has-post-thumbnail","6":"product_cat-sin-categorizar","8":"first","9":"instock","10":"shipping-taxable","11":"purchasable","12":"product-type-simple"},"_links":{"self":[{"href":"https:\/\/prueba.mobs.com.co\/index.php\/wp-json\/wp\/v2\/product\/392","targetHints":{"allow":["GET"]}}],"collection":[{"href":"https:\/\/prueba.mobs.com.co\/index.php\/wp-json\/wp\/v2\/product"}],"about":[{"href":"https:\/\/prueba.mobs.com.co\/index.php\/wp-json\/wp\/v2\/types\/product"}],"replies":[{"embeddable":true,"href":"https:\/\/prueba.mobs.com.co\/index.php\/wp-json\/wp\/v2\/comments?post=392"}],"wp:featuredmedia":[{"embeddable":true,"href":"https:\/\/prueba.mobs.com.co\/index.php\/wp-json\/wp\/v2\/media\/167"}],"wp:attachment":[{"href":"https:\/\/prueba.mobs.com.co\/index.php\/wp-json\/wp\/v2\/media?parent=392"}],"wp:term":[{"taxonomy":"product_brand","embeddable":true,"href":"https:\/\/prueba.mobs.com.co\/index.php\/wp-json\/wp\/v2\/product_brand?post=392"},{"taxonomy":"product_cat","embeddable":true,"href":"https:\/\/prueba.mobs.com.co\/index.php\/wp-json\/wp\/v2\/product_cat?post=392"},{"taxonomy":"product_tag","embeddable":true,"href":"https:\/\/prueba.mobs.com.co\/index.php\/wp-json\/wp\/v2\/product_tag?post=392"}],"curies":[{"name":"wp","href":"https:\/\/api.w.org\/{rel}","templated":true}]}}